nder when 1888 is divided by 54?
52
Calculate the remainder when 131 is divided by 14.
5
Calculate the remainder when 689 is divided by 101.
83
Calculate the remainder when 405 is divided by 19.
6
Calculate the remainder when 450 is divided by 51.
42
What is the remainder when 431 is divided by 27?
26
Calculate the remainder when 1091 is divided by 84.
83
What is the remainder when 1636 is divided by 406?
12
Calculate the remainder when 427 is divided by 189.
49
What is the remainder when 165 is divided by 30?
15
What is the remainder when 151 is divided by 22?
19
Calculate the remainder when 11120 is divided by 67.
65
Calculate the remainder when 210 is divided by 68.
6
What is the remainder when 386 is divided by 130?
126
Calculate the remainder when 2013 is divided by 63.
60
What is the remainder when 105 is divided by 22?
17
What is the remainder when 1740 is divided by 109?
105
What is the remainder when 2965 is divided by 99?
94
Calculate the remainder when 161 is divided by 110.
51
What is the remainder when 39 is divided by 22?
17
Calculate the remainder when 1166 is divided by 381.
23
Calculate the remainder when 115 is divided by 40.
35
Calculate the remainder when 326 is divided by 150.
26
Calculate the remainder when 609 is divided by 78.
63
What is the remainder when 854 is divided by 85?
4
What is the remainder when 321 is divided by 82?
75
What is the remainder when 3741 is divided by 24?
21
What is the remainder when 178 is divided by 102?
76
Calculate the remainder when 219 is divided by 17.
15
Calculate the remainder when 338 is divided by 158.
22
Calculate the remainder when 3330 is divided by 3.
0
What is the remainder when 1511 is divided by 108?
107
Calculate the remainder when 860 is divided by 126.
104
What is the remainder when 207 is divided by 49?
11
What is the remainder when 3780 is divided by 16?
4
What is the remainder when 194 is divided by 11?
7
Calculate the remainder when 303 is divided by 101.
0
Calculate the remainder when 11207 is divided by 38.
35
Calculate the remainder when 450 is divided by 154.
142
What is the remainder when 1189 is divided by 85?
84
What is the remainder when 299 is divided by 42?
5
Calculate the remainder when 210 is divided by 9.
3
What is the remainder when 409 is divided by 12?
1
Calculate the remainder when 834 is divided by 76.
74
Calculate the remainder when 30676 is divided by 11.
8
Calculate the remainder when 372 is divided by 5.
2
What is the remainder when 693 is divided by 137?
8
What is the remainder when 2023 is divided by 35?
28
Calculate the remainder when 569 is divided by 21.
2
What is the remainder when 85 is divided by 82?
3
Calculate the remainder when 254 is divided by 117.
20
Calculate the remainder when 151 is divided by 44.
19
What is the remainder when 408 is divided by 66?
12
What is the remainder when 619 is divided by 124?
123
What is the remainder when 346 is divided by 109?
19
Calculate the remainder when 1014 is divided by 337.
3
Calculate the remainder when 219 is divided by 57.
48
What is the remainder when 17 is divided by 10?
7
Calculate the remainder when 2669 is divided by 14.
9
What is the remainder when 226 is divided by 41?
21
Calculate the remainder when 49 is divided by 11.
5
Calculate the remainder when 3767 is divided by 10.
7
Calculate the remainder when 210 is divided by 45.
30
Calculate the remainder when 545 is divided by 12.
5
What is the remainder when 570 is divided by 74?
52
What is the remainder when 2598 is divided by 104?
102
Calculate the remainder when 135 is divided by 71.
64
What is the remainder when 17 is divided by 11?
6
What is the remainder when 133 is divided by 49?
35
What is the remainder when 422 is divided by 11?
4
What is the remainder when 6266 is divided by 38?
34
Calculate the remainder when 330 is divided by 68.
58
What is the remainder when 120 is divided by 46?
28
What is the remainder when 521 is divided by 128?
9
Calculate the remainder when 84 is divided by 2.
0
What is the remainder when 1177 is divided by 574?
29
What is the remainder when 1070 is divided by 63?
62
What is the remainder when 135 is divided by 35?
30
Calculate the remainder when 427 is divided by 27.
22
What is the remainder when 304 is divided by 95?
19
What is the remainder when 893 is divided by 13?
9
What is the remainder when 232 is divided by 55?
12
What is the remainder when 302 is divided by 31?
23
What is the remainder when 300 is divided by 43?
42
Calculate the remainder when 273 is divided by 262.
11
What is the remainder when 942 is divided by 4?
2
Calculate the remainder when 4520 is divided by 26.
22
Calculate the remainder when 681 is divided by 11.
10
Calculate the remainder when 340 is divided by 57.
55
Calculate the remainder when 945 is divided by 158.
155
Calculate the remainder when 417 is divided by 62.
45
What is the remainder when 695 is divided by 266?
163
What is the remainder when 206 is divided by 56?
38
Calculate the remainder when 155 is divided by 56.
43
Calculate the remainder when 629 is divided by 43.
27
What is the remainder when 144 is divided by 19?
11
What is the remainder when 269 is divided by 39?
35
What is the remainder when 97 is divided by 15?
7
What is the remainder when 270 is divided by 99?
72
What is the remainder when 7 is divided by 3?
1
Calculate the remainder when 13887 is divided by 224.
223
Calculate the remainder when 406 is divided by 103.
97
What is the remainder when 383 is divided by 11?
9
What is the remainder when 2195 is divided by 91?
11
Calculate the remainder when 286 is divided by 6.
4
Calculate the remainder when 31 is divided by 8.
7
Calculate the remainder when 250 is divided by 64.
58
What is the remainder when 96 is divided by 29?
9
What is the remainder when 2505 is divided by 14?
13
Calculate the remainder when 622 is divided by 156.
154
Calculate the remainder when 3907 is divided by 1302.
1
Calculate the remainder when 420 is divided by 12.
0
Calculate the remainder when 964 is divided by 14.
12
Calculate the remainder when 138 is divided by 11.
6
What is the remainder when 303 is divided by 281?
22
Calculate the remainder when 24 is divided by 10.
4
What is the remainder when 1792 is divided by 256?
0
Calculate the remainder when 80 is divided by 24.
8
Calculate the remainder when 10078 is divided by 360.
358
Calculate the remainder when 2545 is divided by 86.
51
Calculate the remainder when 23 is divided by 15.
8
What is the remainder when 347 is divided by 45?
32
What is the remainder when 584 is divided by 26?
12
Calculate the remainder when 1688 is divided by 24.
8
What is the remainder when 182 is divided by 51?
29
Calculate the remainder when 483 is divided by 459.
24
What is the remainder when 1256 is divided by 421?
414
Calculate the remainder when 78 is divided by 41.
37
Calculate the remainder when 417 is divided by 11.
10
What is the remainder when 195 is divided by 52?
39
Calculate the remainder when 94315 is divided by 149.
147
Calculate the remainder when 1276 is divided by 630.
16
Calculate the remainder when 1208 is divided by 93.
92
What is the remainder when 555 is divided by 72?
51
What is the remainder when 2276 is divided by 24?
20
What is the remainder when 174 is divided by 11?
9
Calculate the remainder when 407 is divided by 80.
7
Calculate the remainder when 1944 is divided by 63.
54
What is the remainder when 259 is divided by 65?
64
What is the remainder when 1029 is divided by 34?
9
Calculate the remainder when 300 is divided by 80.
60
Calculate the remainder when 43 is divided by 11.
10
What is the remainder when 122 is divided by 117?
5
Calculate the remainder when 2181 is divided by 21.
18
What is the remainder when 3507 is divided by 90?
87
What is the remainder when 957 is divided by 212?
109
What is the remainder when 165 is divided by 128?
37
What is the remainder when 7987 is divided by 72?
67
What is the remainder when 237 is divided by 57?
9
Calculate the remainder when 353 is divided by 180.
173
What is the remainder when 110 is divided by 22?
0
Calculate the remainder when 587 is divided by 201.
185
Calculate the remainder when 1638 is divided by 66.
54
What is the remainder when 520 is divided by 105?
100
What is the